nder when 387190 is divided by 11959?
4502
What is the remainder when 1940412 is divided by 995?
162
What is the remainder when 261871365 is divided by 10743?
10740
Calculate the remainder when 7677480 is divided by 1535494.
10
Calculate the remainder when 11375482 is divided by 1356.
1354
What is the remainder when 261705 is divided by 881?
48
What is the remainder when 95652501 is divided by 2051?
14
What is the remainder when 867901 is divided by 105?
76
What is the remainder when 455134 is divided by 416?
30
Calculate the remainder when 382075202 is divided by 244.
238
What is the remainder when 5735647 is divided by 409688?
15
What is the remainder when 121106 is divided by 143?
128
What is the remainder when 413525 is divided by 206143?
1239
What is the remainder when 12860 is divided by 709?
98
Calculate the remainder when 6772832 is divided by 1029.
983
What is the remainder when 5604959 is divided by 32?
31
What is the remainder when 32111 is divided by 7779?
995
Calculate the remainder when 2267631 is divided by 755866.
33
What is the remainder when 41941 is divided by 1289?
693
Calculate the remainder when 41389476 is divided by 1199.
1195
What is the remainder when 7444 is divided by 2397?
253
What is the remainder when 12304363 is divided by 683575?
13
Calculate the remainder when 71665005 is divided by 6.
3
What is the remainder when 324324 is divided by 15?
9
What is the remainder when 1385340 is divided by 1262?
926
Calculate the remainder when 1514428 is divided by 44542.
0
What is the remainder when 952427 is divided by 6469?
1484
What is the remainder when 29750243 is divided by 492?
479
What is the remainder when 2851989 is divided by 468?
465
What is the remainder when 362041 is divided by 90509?
5
What is the remainder when 11750064 is divided by 874?
8
What is the remainder when 37212 is divided by 4123?
105
What is the remainder when 90948 is divided by 4539?
168
Calculate the remainder when 7581173 is divided by 172298.
61
What is the remainder when 2478107 is divided by 825964?
215
What is the remainder when 6339 is divided by 3034?
271
Calculate the remainder when 153997 is divided by 1137.
502
What is the remainder when 536673 is divided by 29?
28
Calculate the remainder when 2479814 is divided by 137767.
8
Calculate the remainder when 3542274 is divided by 506038.
8
Calculate the remainder when 1744609 is divided by 1449.
13
Calculate the remainder when 9637981 is divided by 1953.
1879
What is the remainder when 633218 is divided by 77?
47
What is the remainder when 4440243 is divided by 2220085?
73
What is the remainder when 1448386 is divided by 851?
835
What is the remainder when 95637 is divided by 327?
153
Calculate the remainder when 2358666 is divided by 48.
42
What is the remainder when 63971 is divided by 1476?
503
Calculate the remainder when 49110 is divided by 19.
14
Calculate the remainder when 681577 is divided by 494.
351
Calculate the remainder when 1681331 is divided by 1043.
15
Calculate the remainder when 2133244 is divided by 82046.
48
What is the remainder when 2537926 is divided by 74644?
30
What is the remainder when 18816710 is divided by 652?
642
Calculate the remainder when 12828 is divided by 142.
48
Calculate the remainder when 382269 is divided by 765.
534
What is the remainder when 1832653653 is divided by 7241?
7240
What is the remainder when 13378813 is divided by 108?
97
What is the remainder when 138343 is divided by 1158?
541
What is the remainder when 27797323 is divided by 319509?
40
Calculate the remainder when 423606 is divided by 3458.
1730
What is the remainder when 31218848 is divided by 113?
112
Calculate the remainder when 78381304 is divided by 252.
232
What is the remainder when 387607471 is divided by 21?
13
Calculate the remainder when 357193 is divided by 39683.
46
What is the remainder when 2569 is divided by 226?
83
Calculate the remainder when 25377973 is divided by 26770.
13
What is the remainder when 611262 is divided by 610647?
615
What is the remainder when 299991 is divided by 311?
187
What is the remainder when 37148 is divided by 36878?
270
What is the remainder when 6847737 is divided by 9?
6
Calculate the remainder when 8235171 is divided by 41.
34
What is the remainder when 1285070 is divided by 160633?
6
What is the remainder when 407484 is divided by 27038?
1914
Calculate the remainder when 13410683 is divided by 46727.
34
What is the remainder when 2590966 is divided by 863632?
70
What is the remainder when 46200772 is divided by 962516?
4
What is the remainder when 116974 is divided by 29243?
2
What is the remainder when 7832249 is divided by 122378?
57
What is the remainder when 7514824 is divided by 3757406?
12
Calculate the remainder when 80203 is divided by 40055.
93
What is the remainder when 3728844 is divided by 4286?
24
Calculate the remainder when 31127 is divided by 6808.
3895
Calculate the remainder when 6211882 is divided by 683.
680
Calculate the remainder when 2665678 is divided by 6.
4
Calculate the remainder when 25177374 is divided by 8392453.
15
What is the remainder when 339934 is divided by 113130?
544
What is the remainder when 46312769 is divided by 121?
19
Calculate the remainder when 9851812 is divided by 92.
84
What is the remainder when 2891428537 is divided by 286?
283
Calculate the remainder when 103795 is divided by 102996.
799
What is the remainder when 5669527 is divided by 1133888?
87
What is the remainder when 433725 is divided by 71?
57
Calculate the remainder when 277636 is divided by 37.
25
What is the remainder when 8676654 is divided by 249?
0
Calculate the remainder when 102747 is divided by 1868.
7
Calculate the remainder when 72628348 is divided by 179.
172
Calculate the remainder when 9323847 is divided by 19.
15
What is the remainder when 1041119 is divided by 74365?
9
What is the remainder when 13810000 is divided by 87405?
10
Calculate the remainder when 75326 is divided by 2345.
286
Calculate the remainder when 42430 is divided by 3524.
142
Calculate the remainder when 5391175 is divided by 106.
15
Calculate the remainder when 317395 is divided by 79295.
215
What is the remainder when 97281 is divided by 6934?
205
What is the remainder when 148105 is divided by 3444?
13
What is the remainder when 7331560 is divided by 385869?
49
Calculate the remainder when 2351260 is divided by 293814.
748
Calculate the remainder when 1180544 is divided by 32.
0
Calculate the remainder when 1542694 is divided by 862.
576
What is the remainder when 7020394 is divided by 8842?
8688
Calculate the remainder when 4015087 is divided by 174566.
69
Calculate the remainder when 32875082 is divided by 67.
58
What is the remainder when 465300 is divided by 232632?
36
What is the remainder when 440687 is divided by 7598?
3
Calculate the remainder when 2691537 is divided by 2275.
212
What is the remainder when 4056260 is divided by 4056157?
103
What is the remainder when 548188 is divided by 408?
244
Calculate the remainder when 399957 is divided by 3389.
55
What is the remainder when 1218395 is divided by 645?
635
Calculate the remainder when 76628 is divided by 19148.
36
Calculate the remainder when 4014835 is divided by 95591.
13
What is the remainder when 540741 is divided by 6?
3
What is the remainder when 66015 is divided by 1787?
1683
What is the remainder when 375315 is divided by 777?
24
Calculate the remainder when 155722 is divided by 1677.
1438
What is the remainder when 185964411 is divided by 21?
3
What is the remainder when 813586 is divided by 123?
64
Calculate the remainder when 232410 is divided by 7138.
3994
What is the remainder when 27029952 is divided by 22?
4
Calculate the remainder when 12135702 is divided by 96.
54
Calculate the remainder when 152698391 is divided by 132.
131
Calculate the remainder when 17812 is divided by 110.
102
What is the remainder when 107930 is divided by 575?
405
Calculate the remainder when 14202 is divided by 2083.
1704
Calculate the remainder when 6813589 is divided by 14.
13
Calculate the remainder when 214565 is divided by 3285.
1040
Calculate the remainder when 1557846 is divided by 796.
74
What is the remainder when 4767702 is divided by 505?
502
Calculate the remainder w